{"id":4661,"date":"2016-12-07T11:27:40","date_gmt":"2016-12-07T10:27:40","guid":{"rendered":"http:\/\/www.apartamentosurynieve.com\/?page_id=4661"},"modified":"2023-11-06T15:04:43","modified_gmt":"2023-11-06T14:04:43","slug":"como-llegar","status":"publish","type":"page","link":"https:\/\/www.apartamentosurynieve.com\/alquiler-apartamentos-sierra-nevada\/como-llegar\/","title":{"rendered":"Como llegar"},"content":{"rendered":"<p style=\"text-align: justify;\">Si tiene dudas sobre como llegar a nuestra oficina para la recogida de llaves y hacer el registro de entrada (check-in) siga estas indicaciones:<\/p>\n<p style=\"text-align: justify;\">Debe diriguirse a nuestra <u>oficina &nbsp;situada en la zona media de la estaci\u00f3n, Calle Virgen de las Nieves, Edificio Arttyfal, local izquierda<\/u>. Le recomendamos utilice el GPS ya que la numeraci\u00f3n de la calle no est\u00e1 muy clara y siempre le ser\u00e1 m\u00e1s f\u00e1cil a trav\u00e9s de las siguientes coordenadas: <a href=\"https:\/\/www.google.es\/maps\/place\/Apartamentos+Surynieve\/@37.0951643,-3.3988207,17z\/data=%213m1%214b1%214m2%213m1%211s0xd71dd3c37ee052b:0xb7001e4da670d560\" target=\"_blank\" rel=\"noopener noreferrer\" data-cke-saved-href=\"https:\/\/www.google.es\/maps\/place\/Apartamentos+Surynieve\/@37.0951643,-3.3988207,17z\/data=!3m1!4b1!4m2!3m1!1s0xd71dd3c37ee052b:0xb7001e4da670d560\">37\u00b005&#8217;42.4&#8243;N 3\u00b023&#8217;48.2&#8243;W<\/a>&nbsp;<\/p>\n<p style=\"text-align: justify;\"><strong>El horario de recogida de llaves es de 17 a 21 h<\/strong>. Fuera de ese horario se aplicar\u00e1n suplementos y deben avisar con anterioridad. El resto del pago del apartamento debe hacerse a la entrada, a la recogida de llaves. <span style=\"text-decoration: underline;\">La fianza o dep\u00f3sito se har\u00e1 obligatoriamente mediante tarjeta<\/span>. Si desea m\u00e1s informaci\u00f3n puede consultarnos a trav\u00e9s del correo electr\u00f3nico <a href=\"mailto:apartamentosurynieve@gmail.com\">apartamentosurynieve@gmail.com<\/a> o en el tel\u00e9fono (+34) 638 340 553 en horario de oficina.<\/p>\n<p style=\"text-align: justify;\">En el siguiente plano tiene unas indicaciones para poder llegar sin problemas a nuestra oficina. Si vienen en coche deben tomar el desv\u00edo situado junto a los telesillas antiguos a la izquierda <span style=\"text-decoration: underline;\">direcci\u00f3n URBANIZACI\u00d3N\/ZONA ALTA Y MEDIA<\/span>, luego tomar otro desvio a la derecha <span style=\"text-decoration: underline;\">direcci\u00f3n C.A.R.D \/ URBANIZACI\u00d3N<\/span>. Al llegar al tercer cruce&nbsp;deben bajar la urbanizaci\u00f3n 1 kil\u00f3metro hasta llegar a nuestra oficina situada a mano derecha en el local izquierda del EDIFICIO ARTTYFAL.<\/p>\n<p style=\"text-align: justify;\"><img decoding=\"async\" loading=\"lazy\" class=\"aligncenter wp-image-4662 size-large\" title=\"Como llegar a nuestra oficina de Apartamentos Surynieve\" src=\"http:\/\/www.apartamentosurynieve.com\/wp-content\/uploads\/2016\/12\/COMO-LLEGAR-A-LA-OFICINA-1024x754.jpg\" alt=\"como-llegar-a-la-oficina\" width=\"750\" height=\"552\" srcset=\"https:\/\/www.apartamentosurynieve.com\/wp-content\/uploads\/2016\/12\/COMO-LLEGAR-A-LA-OFICINA-1024x754.jpg 1024w, https:\/\/www.apartamentosurynieve.com\/wp-content\/uploads\/2016\/12\/COMO-LLEGAR-A-LA-OFICINA-300x221.jpg 300w, https:\/\/www.apartamentosurynieve.com\/wp-content\/uploads\/2016\/12\/COMO-LLEGAR-A-LA-OFICINA.jpg 1163w\" sizes=\"(max-width: 750px) 100vw, 750px\" \/><\/p>\n","protected":false},"excerpt":{"rendered":"<p>Si tiene dudas sobre como llegar a nuestra oficina para la recogida de llaves y hacer el registro de entrada (check-in) siga estas indicaciones: Debe diriguirse a nuestra oficina &nbsp;situada en la zona media de la estaci\u00f3n, Calle Virgen de <a href=\"https:\/\/www.apartamentosurynieve.com\/alquiler-apartamentos-sierra-nevada\/como-llegar\/\" class=\"more-link\">Read More<\/a><\/p>\n","protected":false},"author":1,"featured_media":0,"parent":0,"menu_order":4,"comment_status":"closed","ping_status":"open","template":"","meta":{"ngg_post_thumbnail":0},"yoast_head":"<!-- This site is optimized with the Yoast SEO plugin v19.11 - https:\/\/yoast.com\/wordpress\/plugins\/seo\/ -->\n<title>Como llegar a nuestra oficina | Apartamentos Surynieve<\/title>\n<meta name=\"description\" content=\"Como llegar a Surynieve: C\/ Virgen de las Nieves s\/n (Edificio Arttyfal local izquierda) Coordenadas GPS: 37\u00b005\u201942.4\u2033N 3\u00b023\u201948.2\u2033W | Telf.: +34 638 340 553\" \/>\n<meta name=\"robots\" content=\"index, follow, max-snippet:-1, max-image-preview:large, max-video-preview:-1\" \/>\n<link rel=\"canonical\" href=\"https:\/\/www.apartamentosurynieve.com\/alquiler-apartamentos-sierra-nevada\/como-llegar\/\" \/>\n<meta property=\"og:locale\" content=\"es_ES\" \/>\n<meta property=\"og:type\" content=\"article\" \/>\n<meta property=\"og:title\" content=\"Como llegar a nuestra oficina | Apartamentos Surynieve\" \/>\n<meta property=\"og:description\" content=\"Como llegar a Surynieve: C\/ Virgen de las Nieves s\/n (Edificio Arttyfal local izquierda) Coordenadas GPS: 37\u00b005\u201942.4\u2033N 3\u00b023\u201948.2\u2033W | Telf.: +34 638 340 553\" \/>\n<meta property=\"og:url\" content=\"https:\/\/www.apartamentosurynieve.com\/alquiler-apartamentos-sierra-nevada\/como-llegar\/\" \/>\n<meta property=\"og:site_name\" content=\"Apartamentos Surynieve\" \/>\n<meta property=\"article:publisher\" content=\"https:\/\/www.facebook.com\/apartamentos.surynieve.sierra.nevada\" \/>\n<meta property=\"article:modified_time\" content=\"2023-11-06T14:04:43+00:00\" \/>\n<meta property=\"og:image\" content=\"http:\/\/www.apartamentosurynieve.com\/wp-content\/uploads\/2016\/12\/COMO-LLEGAR-A-LA-OFICINA-1024x754.jpg\" \/>\n<meta name=\"twitter:card\" content=\"summary_large_image\" \/>\n<meta name=\"twitter:site\" content=\"@surynieve\" \/>\n<meta name=\"twitter:label1\" content=\"Tiempo de lectura\" \/>\n\t<meta name=\"twitter:data1\" content=\"2 minutos\" \/>\n<script type=\"application\/ld+json\" class=\"yoast-schema-graph\">{\"@context\":\"https:\/\/schema.org\",\"@graph\":[{\"@type\":\"WebPage\",\"@id\":\"https:\/\/www.apartamentosurynieve.com\/alquiler-apartamentos-sierra-nevada\/como-llegar\/\",\"url\":\"https:\/\/www.apartamentosurynieve.com\/alquiler-apartamentos-sierra-nevada\/como-llegar\/\",\"name\":\"Como llegar a nuestra oficina | Apartamentos Surynieve\",\"isPartOf\":{\"@id\":\"https:\/\/www.apartamentosurynieve.com\/alquiler-apartamentos-sierra-nevada\/#website\"},\"datePublished\":\"2016-12-07T10:27:40+00:00\",\"dateModified\":\"2023-11-06T14:04:43+00:00\",\"description\":\"Como llegar a Surynieve: C\/ Virgen de las Nieves s\/n (Edificio Arttyfal local izquierda) Coordenadas GPS: 37\u00b005\u201942.4\u2033N 3\u00b023\u201948.2\u2033W | Telf.: +34 638 340 553\",\"breadcrumb\":{\"@id\":\"https:\/\/www.apartamentosurynieve.com\/alquiler-apartamentos-sierra-nevada\/como-llegar\/#breadcrumb\"},\"inLanguage\":\"es\",\"potentialAction\":[{\"@type\":\"ReadAction\",\"target\":[\"https:\/\/www.apartamentosurynieve.com\/alquiler-apartamentos-sierra-nevada\/como-llegar\/\"]}]},{\"@type\":\"BreadcrumbList\",\"@id\":\"https:\/\/www.apartamentosurynieve.com\/alquiler-apartamentos-sierra-nevada\/como-llegar\/#breadcrumb\",\"itemListElement\":[{\"@type\":\"ListItem\",\"position\":1,\"name\":\"VOLVER ATR\u00c1S\",\"item\":\"https:\/\/www.apartamentosurynieve.com\/alquiler-apartamentos-sierra-nevada\/\"},{\"@type\":\"ListItem\",\"position\":2,\"name\":\"Como llegar\"}]},{\"@type\":\"WebSite\",\"@id\":\"https:\/\/www.apartamentosurynieve.com\/alquiler-apartamentos-sierra-nevada\/#website\",\"url\":\"https:\/\/www.apartamentosurynieve.com\/alquiler-apartamentos-sierra-nevada\/\",\"name\":\"Apartamentos Surynieve\",\"description\":\"Tu agencia de alquiler de apartamentos en Sierra Nevada\",\"potentialAction\":[{\"@type\":\"SearchAction\",\"target\":{\"@type\":\"EntryPoint\",\"urlTemplate\":\"https:\/\/www.apartamentosurynieve.com\/alquiler-apartamentos-sierra-nevada\/?s={search_term_string}\"},\"query-input\":\"required name=search_term_string\"}],\"inLanguage\":\"es\"}]}<\/script>\n<!-- \/ Yoast SEO plugin. -->","yoast_head_json":{"title":"Como llegar a nuestra oficina | Apartamentos Surynieve","description":"Como llegar a Surynieve: C\/ Virgen de las Nieves s\/n (Edificio Arttyfal local izquierda) Coordenadas GPS: 37\u00b005\u201942.4\u2033N 3\u00b023\u201948.2\u2033W | Telf.: +34 638 340 553","robots":{"index":"index","follow":"follow","max-snippet":"max-snippet:-1","max-image-preview":"max-image-preview:large","max-video-preview":"max-video-preview:-1"},"canonical":"https:\/\/www.apartamentosurynieve.com\/alquiler-apartamentos-sierra-nevada\/como-llegar\/","og_locale":"es_ES","og_type":"article","og_title":"Como llegar a nuestra oficina | Apartamentos Surynieve","og_description":"Como llegar a Surynieve: C\/ Virgen de las Nieves s\/n (Edificio Arttyfal local izquierda) Coordenadas GPS: 37\u00b005\u201942.4\u2033N 3\u00b023\u201948.2\u2033W | Telf.: +34 638 340 553","og_url":"https:\/\/www.apartamentosurynieve.com\/alquiler-apartamentos-sierra-nevada\/como-llegar\/","og_site_name":"Apartamentos Surynieve","article_publisher":"https:\/\/www.facebook.com\/apartamentos.surynieve.sierra.nevada","article_modified_time":"2023-11-06T14:04:43+00:00","og_image":[{"url":"http:\/\/www.apartamentosurynieve.com\/wp-content\/uploads\/2016\/12\/COMO-LLEGAR-A-LA-OFICINA-1024x754.jpg"}],"twitter_card":"summary_large_image","twitter_site":"@surynieve","twitter_misc":{"Tiempo de lectura":"2 minutos"},"schema":{"@context":"https:\/\/schema.org","@graph":[{"@type":"WebPage","@id":"https:\/\/www.apartamentosurynieve.com\/alquiler-apartamentos-sierra-nevada\/como-llegar\/","url":"https:\/\/www.apartamentosurynieve.com\/alquiler-apartamentos-sierra-nevada\/como-llegar\/","name":"Como llegar a nuestra oficina | Apartamentos Surynieve","isPartOf":{"@id":"https:\/\/www.apartamentosurynieve.com\/alquiler-apartamentos-sierra-nevada\/#website"},"datePublished":"2016-12-07T10:27:40+00:00","dateModified":"2023-11-06T14:04:43+00:00","description":"Como llegar a Surynieve: C\/ Virgen de las Nieves s\/n (Edificio Arttyfal local izquierda) Coordenadas GPS: 37\u00b005\u201942.4\u2033N 3\u00b023\u201948.2\u2033W | Telf.: +34 638 340 553","breadcrumb":{"@id":"https:\/\/www.apartamentosurynieve.com\/alquiler-apartamentos-sierra-nevada\/como-llegar\/#breadcrumb"},"inLanguage":"es","potentialAction":[{"@type":"ReadAction","target":["https:\/\/www.apartamentosurynieve.com\/alquiler-apartamentos-sierra-nevada\/como-llegar\/"]}]},{"@type":"BreadcrumbList","@id":"https:\/\/www.apartamentosurynieve.com\/alquiler-apartamentos-sierra-nevada\/como-llegar\/#breadcrumb","itemListElement":[{"@type":"ListItem","position":1,"name":"VOLVER ATR\u00c1S","item":"https:\/\/www.apartamentosurynieve.com\/alquiler-apartamentos-sierra-nevada\/"},{"@type":"ListItem","position":2,"name":"Como llegar"}]},{"@type":"WebSite","@id":"https:\/\/www.apartamentosurynieve.com\/alquiler-apartamentos-sierra-nevada\/#website","url":"https:\/\/www.apartamentosurynieve.com\/alquiler-apartamentos-sierra-nevada\/","name":"Apartamentos Surynieve","description":"Tu agencia de alquiler de apartamentos en Sierra Nevada","potentialAction":[{"@type":"SearchAction","target":{"@type":"EntryPoint","urlTemplate":"https:\/\/www.apartamentosurynieve.com\/alquiler-apartamentos-sierra-nevada\/?s={search_term_string}"},"query-input":"required name=search_term_string"}],"inLanguage":"es"}]}},"_links":{"self":[{"href":"https:\/\/www.apartamentosurynieve.com\/alquiler-apartamentos-sierra-nevada\/wp-json\/wp\/v2\/pages\/4661"}],"collection":[{"href":"https:\/\/www.apartamentosurynieve.com\/alquiler-apartamentos-sierra-nevada\/wp-json\/wp\/v2\/pages"}],"about":[{"href":"https:\/\/www.apartamentosurynieve.com\/alquiler-apartamentos-sierra-nevada\/wp-json\/wp\/v2\/types\/page"}],"author":[{"embeddable":true,"href":"https:\/\/www.apartamentosurynieve.com\/alquiler-apartamentos-sierra-nevada\/wp-json\/wp\/v2\/users\/1"}],"replies":[{"embeddable":true,"href":"https:\/\/www.apartamentosurynieve.com\/alquiler-apartamentos-sierra-nevada\/wp-json\/wp\/v2\/comments?post=4661"}],"version-history":[{"count":8,"href":"https:\/\/www.apartamentosurynieve.com\/alquiler-apartamentos-sierra-nevada\/wp-json\/wp\/v2\/pages\/4661\/revisions"}],"predecessor-version":[{"id":8055,"href":"https:\/\/www.apartamentosurynieve.com\/alquiler-apartamentos-sierra-nevada\/wp-json\/wp\/v2\/pages\/4661\/revisions\/8055"}],"wp:attachment":[{"href":"https:\/\/www.apartamentosurynieve.com\/alquiler-apartamentos-sierra-nevada\/wp-json\/wp\/v2\/media?parent=4661"}],"curies":[{"name":"wp","href":"https:\/\/api.w.org\/{rel}","templated":true}]}}